inder when 26 is divided by b.
10
Let w(r) = 2*r - 3. Let t be w(4). Suppose -h + 3*i + 25 = 7, -h - t*i + 42 = 0. What is the remainder when h is divided by 12 - (-2 + 2 + -2)?
13
Let f = -1 + -7. Let g be (-2)/3*(f + 2). Suppose g*l + 29 = o, -5*l = 4*o - 0 - 53. Calculate the remainder when 32 is divided by o.
15
Suppose -2*n + 0*n = 5*k - 31, -n - k = -11. Let c be (-2)/4*-1*4. Calculate the remainder when n is divided by c + 2 + 1 + 0.
3
Calculate the remainder when (9/(-12))/(-2 - (-39)/20) is divided by 5.
0
Suppose 11*g - 275 = 6*g. Calculate the remainder when g is divided by 14.
13
Suppose -253 = -3*w + w + l, -3*w = -5*l - 369. Calculate the remainder when w is divided by 26.
24
Suppose 5*i + 10 = p - 0*p, 54 = 3*p - 3*i. Calculate the remainder when 95/(-2)*4/(-5) is divided by p.
18
Let i = -15 + 34. Calculate the remainder when i is divided by (-3)/(-1)*-1 - -10.
5
Suppose -i = 3*i - 68. Let y(h) = 40*h**3 - h + 1. Let p be y(1). Suppose 0 = a - 2*x - 28, 2*a - p = a - 4*x. What is the remainder when a is divided by i?
15
Let j(a) = -2*a + 2. Let r be j(1). Suppose r = 2*w - 7*w - 2*v + 180, -w + v + 29 = 0. What is the remainder when w is divided by 12?
10
Let x be 6 - 0 - (-10 + 8). Suppose -13*k + x*k + 50 = 0. Calculate the remainder when k is divided by 4.
2
Suppose -10*n + 6*n + 300 = 0. Calculate the remainder when n is divided by 19.
18
Let t(d) = d**3 + 6*d**2 - 9*d - 6. Let m be ((-24)/9 - -3)*-21. Calculate the remainder when 22 is divided by t(m).
6
Let i = -9 + 11. Suppose -i*a - 3*a = -60. What is the remainder when 23 is divided by a?
11
Let w(h) = 3*h**2 + h - 2. What is the remainder when w(3) is divided by 10?
8
Let a(r) = -r**3 + 2*r**2 - r + 3. What is the remainder when 9 is divided by a(0)?
0
Suppose 3*b - 18 = 18. Let l(m) = m**3 + 9*m**2 + 12*m - 3. Calculate the remainder when l(-6) is divided by b.
9
Let l be (0 - (-1)/(-1)) + 4. Suppose -3*j - j = -12, 5*w = l*j + 246. Calculate the remainder when w is divided by 27.
24
Let m = 15 + -11. Let i = 22 + -16. Let q = i + 4. What is the remainder when q is divided by m?
2
Let b be 0/((4/2)/2). Suppose -5*o + 0*o + 60 = b. Calculate the remainder when o is divided by ((-28)/(-6))/((-48)/(-72)).
5
Let s = -4 + 7. Suppose 7 = s*w - 2. Suppose 64 = w*n + n. What is the remainder when 47 is divided by n?
15
Let i(l) = l**2 + 7*l + 9. What is the remainder when i(-7) is divided by 3?
0
Let t = 31 + -28. Calculate the remainder when 7 is divided by t.
1
Let u = -30 + 60. Calculate the remainder when 87 is divided by u.
27
Suppose m = -2*m + 93. Let t = m + -15. Suppose 0*d - 3*d + 90 = 0. Calculate the remainder when d is divided by t.
14
Let z be (-1270)/(-45) + (-2)/9. Suppose -3*b + z = -b. What is the remainder when b is divided by 5?
4
Let i = -58 + 69. Calculate the remainder when 15 is divided by i.
4
Let k(h) = 8*h**2 + 11*h - 6. What is the remainder when 126 is divided by k(-3)?
27
Suppose -3*j - 16 = -58. Let b(h) = h**2 + h - 1. Calculate the remainder when j is divided by b(2).
4
Suppose a + 2*d - 38 = 0, 5*d - 31 - 22 = -a. Calculate the remainder when 109 is divided by a.
25
Let h(o) = 8*o - 4. Suppose n = -3*a + 16, 5*a = -2*n - 6 + 35. What is the remainder when h(3) is divided by n?
6
Let v = 2 - 2. Suppose 4*o = z + 9, -5*z - 2 - 3 = v. Suppose 0 = -o*x, 0 = -3*g - 0*g + 3*x + 36. Calculate the remainder when 22 is divided by g.
10
Let p be (-2 + -3)/(0 + -1). Suppose -p*o + 53 = -3*s, -o + 3*s - 1 = -2. What is the remainder when o is divided by 5?
3
Let b(m) = -m**3 - 2*m + 0*m**2 - m**2 - 3*m**2 - 3*m**2 - 6. Calculate the remainder when b(-7) is divided by 5.
3
Suppose -2*h + 7*h - 10 = 0. Suppose -3*o + h*n + 33 = 0, 3*n = 4*o - 3*o - 18. What is the remainder when 15 is divided by o?
6
Calculate the remainder when -2 + (4 - -3*19) is divided by 16.
11
Suppose 0 = 7*f - 2*f - 15. What is the remainder when 24 is divided by f*-1 - (-96)/8?
6
Suppose -3*o + 5*f - 1 = 0, o - 4*f + 9 + 3 = 0. Let p = 9 + -5. Suppose 0 = -3*g - 2*q + o, -g - 23 = p*q - 9. What is the remainder when 22 is divided by g?
4
Let u(y) = -y**3 + 4*y**2 + 3*y - 7. Suppose h - 6 = -h. Suppose h*m + 2*o = -2*m + 55, 14 = m + o. What is the remainder when m is divided by u(4)?
4
Let t be 1*4*(-2)/2. Calculate the remainder when 21 is divided by 24/(-15)*30/t.
9
Let t be (-40)/(-12)*(-3)/(-2). Suppose 3*d + 47 - 132 = -4*h, 0 = h + t*d. Let x(p) = -p**2 - 12*p - 2. What is the remainder when h is divided by x(-11)?
7
Let b(o) = o**2 + 2*o - 14. What is the remainder when b(-10) is divided by 23?
20
Let u(p) = -2*p + p - 2 + 0. What is the remainder when 2 is divided by u(-4)?
0
Let x = 17 - 8. Suppose 5*v + 2*t = 160, -2*t + 43 = 2*v + 3*t. Calculate the remainder when v is divided by x.
7
Let o be (-14)/(-21) + (-61)/(-3). Suppose -48 = -x - j, 3*j + o = 3*x - 147. Let q(t) = 18*t. Calculate the remainder when x is divided by q(1).
16
Suppose 3*h - c + 2*c - 66 = 0, 3*h - 5*c = 66. What is the remainder when 42 is divided by h?
20
Suppose -10*b + 6*b = -60. What is the remainder when b is divided by 4?
3
Suppose -2*f + 3*d + 44 = d, -5*d - 38 = -2*f. Calculate the remainder when 45 is divided by f.
21
Let f be -2 + 12/3 + 1. Suppose 35 = 5*t + 3*g, 2*g + f*g = 4*t - 65. Calculate the remainder when 36 is divided by t.
6
Let x(k) = -k - 2. Suppose 0*o + 12 = -4*o. What is the remainder when 1 is divided by x(o)?
0
Let h = 134 - 118. What is the remainder when 38 is divided by h?
6
Let v(t) = 21*t - 1. Let y(c) = c**3 + 6*c**2 - 3*c - 7. Let s be y(-5). Suppose 3*a = -0*a + s. What is the remainder when v(1) is divided by a?
9
Let n = -31 - -54. Let k(f) = -f**3 + 43. What is the remainder when k(0) is divided by n?
20
Let p(x) = -x**2 - 7*x + 5. Let c be p(-6). Let n = c - 5. Calculate the remainder when 15 is divided by n.
3
Let n(x) = -x**3 - 4*x**2 - 2*x + 4. Suppose -24 = 3*o + 5*c, 3*o - 21 = 8*o + 2*c. Let g be n(o). What is the remainder when 25 is divided by 2 + (13 - g/1)?
11
Suppose -4*n + c + 4*c = -175, -3*c = -n + 35. What is the remainder when n is divided by (-8)/96*-138 - 3/(-2)?
11
Let z be 4/(-10) - 7/(-5). Let i be (-43*1)/(z - 2). Suppose -5*k + 97 = -i. What is the remainder when k is divided by 10?
8
Let b = -6 - -15. Suppose 0 = -3*t + 45 + b. What is the remainder when 70 is divided by t?
16
Suppose 0 = -a + m + 6, -5*a + 13 = -2*m - 2. Calculate the remainder when 3 is divided by a.
0
Let z(k) = -k - 9. Let q be z(-9). Suppose 0 = -q*o + o - 2. Let w(t) = -t**3 - 3*t**2 + 5*t + 7. Calculate the remainder when w(-4) is divided by o.
1
Suppose 5*r = 20, 5*r = -3*p + 4*r - 2. Suppose q = 2*v - 23, -31 = -4*v + q - 2*q. What is the remainder when p/2*(-27 - -2) is divided by v?
7
Suppose 4*b = -0*b + 124. Let a(j) = j**3 - 2*j**2 + j - 1. What is the remainder when b is divided by a(3)?
9
Let u = -14 + 19. Calculate the remainder when 9 is divided by u.
4
Let u(r) be the third derivative of r**6/120 + r**5/30 - r**4/8 - r**3/3 + 2*r**2. Let x(h) = -18*h. Calculate the remainder when u(3) is divided by x(-1).
16
Let p(c) = -c**2 - c + 1. Let s be p(5). Let k = s - -40. Suppose -6*q - 15 = -k*q. What is the remainder when q is divided by 2?
1
Let r be (-2)/(-6) - 75/9. Let p = r + 11. Suppose -l + 52 = 5*i, -5*l - 2*i + p*i = -234. Calculate the remainder when l is divided by 16.
15
Calculate the remainder when 256 is divided by (-54)/(-6) - -54 - (-3 - 0).
58
Suppose 2*b + 6 = 4*i, 37 = b + 4*b + 3*i. Suppose -r - 3*g = 4, 0 = -10*g + b*g - 25. Let m = 47 - 26. Calculate the remainder when m is divided by r.
10
Let k be (1 + 9)/((-8)/(-124)). Suppose 0 = 4*v - k - 17. Calculate the remainder when v is divided by 11.
10
Suppose -11 = -2*h + 3*c + 10, 5*c + 25 = 0. Calculate the remainder when h is divided by 2.
1
Suppose -5*t + 21 = -2*t. Let j(h) = h + 8. Calculate the remainder when t is divided by j(-6).
1
Let j = 7 - 13. Let o = j + 8. Suppose -4*d - 5*a + 2*a + 40 = 0, -5*d + 57 = o*a. What is the remainder when d is divided by 7?
6
Let v = -6 + 4. What is the remainder when (v + -2)*33/(-3) is divided by 15?
14
Let a(v) = -v**2 + 24*v - 7. What is the remainder when a(23) is divided by 9?
7
Suppose 0 = -8*r + 9 + 79. Calculate the remainder when